{"id":164,"date":"2025-01-27T18:27:02","date_gmt":"2025-01-27T18:27:02","guid":{"rendered":"https:\/\/fundaciontehuelche.com.ar\/web\/?page_id=164"},"modified":"2025-01-28T19:11:22","modified_gmt":"2025-01-28T19:11:22","slug":"temas-de-la-psicologia-social","status":"publish","type":"page","link":"https:\/\/fundaciontehuelche.com.ar\/web\/temas-de-la-psicologia-social\/","title":{"rendered":"Temas de la Psicolog\u00eda Social"},"content":{"rendered":"\n<p><strong>\u00b7\u00a0<a href=\"https:\/\/fundaciontehuelche.com.ar\/web\/estres-postraumatico\/\" data-type=\"page\" data-id=\"187\">Estr\u00e9s Postraum\u00e1tico<\/a><\/strong><\/p>\n\n\n\n<p><strong>\u00b7\u00a0<a href=\"https:\/\/fundaciontehuelche.com.ar\/web\/elementos-para-una-fundamentacion-teorico-practica-del-proceso-de-aprendizaje-grupal\/\" data-type=\"page\" data-id=\"190\">Elementos para una fundamentaci\u00f3n te\u00f3rico pr\u00e1ctica del proceso de aprendizaje grupal<\/a><\/strong><\/p>\n\n\n\n<p><strong>\u00b7\u00a0<a href=\"https:\/\/fundaciontehuelche.com.ar\/web\/del-silencio-del-observador-a-la-observacion-del-silencio\/\" data-type=\"page\" data-id=\"192\">Del silencio del observador a la observaci\u00f3n del silencio<\/a><\/strong><\/p>\n\n\n\n<p><strong>\u00b7\u00a0<a href=\"https:\/\/fundaciontehuelche.com.ar\/web\/nuevas-estrategias-en-salud-paradigmas-y-andamios\/\" data-type=\"page\" data-id=\"195\">Nuevas estrategias en Salud. Paradigmas y Andamios<\/a><\/strong><\/p>\n\n\n\n<p><strong>\u00b7\u00a0<a href=\"https:\/\/fundaciontehuelche.com.ar\/web\/el-encuadre-interno-lo-que-hay-que-tener\/\" data-type=\"page\" data-id=\"198\">El Encuadre Interno<\/a><\/strong><\/p>\n\n\n\n<p><strong>\u00b7\u00a0<a href=\"https:\/\/fundaciontehuelche.com.ar\/web\/pichon-riviere-habla-sobre-j-lacan\/\" data-type=\"page\" data-id=\"201\">Pichon-Rivi\u00e8re habla sobre J. Lacan<\/a><\/strong><\/p>\n\n\n\n<p><strong>\u00b7\u00a0<a href=\"https:\/\/fundaciontehuelche.com.ar\/web\/escenas-temidas\/\" data-type=\"page\" data-id=\"204\">Escenas temidas. Ejercicio elaborado por Confluencia Psicosocial<\/a><\/strong><\/p>\n","protected":false},"excerpt":{"rendered":"<p>\u00b7\u00a0Estr\u00e9s Postraum\u00e1tico \u00b7\u00a0Elementos para una fundamentaci\u00f3n te\u00f3rico pr\u00e1ctica del proceso de aprendizaje grupal \u00b7\u00a0Del silencio del observador a la observaci\u00f3n del silencio \u00b7\u00a0Nuevas estrategias en Salud. Paradigmas y Andamios \u00b7\u00a0El Encuadre Interno \u00b7\u00a0Pichon-Rivi\u00e8re habla sobre J. Lacan \u00b7\u00a0Escenas temidas. Ejercicio elaborado por Confluencia Psicosocial<\/p>\n","protected":false},"author":3,"featured_media":0,"parent":0,"menu_order":0,"comment_status":"closed","ping_status":"closed","template":"","meta":{"footnotes":""},"class_list":["post-164","page","type-page","status-publish","hentry"],"_links":{"self":[{"href":"https:\/\/fundaciontehuelche.com.ar\/web\/wp-json\/wp\/v2\/pages\/164","targetHints":{"allow":["GET"]}}],"collection":[{"href":"https:\/\/fundaciontehuelche.com.ar\/web\/wp-json\/wp\/v2\/pages"}],"about":[{"href":"https:\/\/fundaciontehuelche.com.ar\/web\/wp-json\/wp\/v2\/types\/page"}],"author":[{"embeddable":true,"href":"https:\/\/fundaciontehuelche.com.ar\/web\/wp-json\/wp\/v2\/users\/3"}],"replies":[{"embeddable":true,"href":"https:\/\/fundaciontehuelche.com.ar\/web\/wp-json\/wp\/v2\/comments?post=164"}],"version-history":[{"count":9,"href":"https:\/\/fundaciontehuelche.com.ar\/web\/wp-json\/wp\/v2\/pages\/164\/revisions"}],"predecessor-version":[{"id":206,"href":"https:\/\/fundaciontehuelche.com.ar\/web\/wp-json\/wp\/v2\/pages\/164\/revisions\/206"}],"wp:attachment":[{"href":"https:\/\/fundaciontehuelche.com.ar\/web\/wp-json\/wp\/v2\/media?parent=164"}],"curies":[{"name":"wp","href":"https:\/\/api.w.org\/{rel}","templated":true}]}}

Temas de la Psicología Social

<p><strong>· <a href="https://fundaciontehuelche.com.ar/web/estres-postraumatico/" data-type="page" data-id="187">Estrés Postraumático</a></strong></p>



<p><strong>· <a href="https://fundaciontehuelche.com.ar/web/elementos-para-una-fundamentacion-teorico-practica-del-proceso-de-aprendizaje-grupal/" data-type="page" data-id="190">Elementos para una fundamentación teórico práctica del proceso de aprendizaje grupal</a></strong></p>



<p><strong>· <a href="https://fundaciontehuelche.com.ar/web/del-silencio-del-observador-a-la-observacion-del-silencio/" data-type="page" data-id="192">Del silencio del observador a la observación del silencio</a></strong></p>



<p><strong>· <a href="https://fundaciontehuelche.com.ar/web/nuevas-estrategias-en-salud-paradigmas-y-andamios/" data-type="page" data-id="195">Nuevas estrategias en Salud. Paradigmas y Andamios</a></strong></p>



<p><strong>· <a href="https://fundaciontehuelche.com.ar/web/el-encuadre-interno-lo-que-hay-que-tener/" data-type="page" data-id="198">El Encuadre Interno</a></strong></p>



<p><strong>· <a href="https://fundaciontehuelche.com.ar/web/pichon-riviere-habla-sobre-j-lacan/" data-type="page" data-id="201">Pichon-Rivière habla sobre J. Lacan</a></strong></p>



<p><strong>· <a href="https://fundaciontehuelche.com.ar/web/escenas-temidas/" data-type="page" data-id="204">Escenas temidas. Ejercicio elaborado por Confluencia Psicosocial</a></strong></p>

<p>· Estrés Postraumático · Elementos para una fundamentación teórico práctica del proceso de aprendizaje grupal · Del silencio del observador a la observación del silencio · Nuevas estrategias en Salud. Paradigmas y Andamios · El Encuadre Interno · Pichon-Rivière habla sobre J. Lacan · Escenas temidas. Ejercicio elaborado por Confluencia Psicosocial</p>
