{"id":171,"date":"2025-01-28T00:06:47","date_gmt":"2025-01-28T00:06:47","guid":{"rendered":"https:\/\/fundaciontehuelche.com.ar\/web\/?page_id=171"},"modified":"2025-01-28T19:12:18","modified_gmt":"2025-01-28T19:12:18","slug":"perfil-del-psicologo-social","status":"publish","type":"page","link":"https:\/\/fundaciontehuelche.com.ar\/web\/perfil-del-psicologo-social\/","title":{"rendered":"Perfil del Psic\u00f3logo Social"},"content":{"rendered":"\n<p>El perfil del\/la Psic\u00f3loga\/o Social incluye s\u00f3lidos conocimientos te\u00f3ricos habilidades, funciones y tareas que corresponden a procesos comunicacionales y trabajo grupal, necesitando:<\/p>\n\n\n\n<ul class=\"wp-block-list\">\n<li>Haber incorporado el marco te\u00f3rico desarrollado a lo largo de la curr\u00edcula.<\/li>\n\n\n\n<li>Tener una adaptaci\u00f3n activa en su grupo de trabajo, pudiendo resolver los obst\u00e1culos.<\/li>\n\n\n\n<li>Estar instrumentado\/a en las t\u00e9cnicas espec\u00edficas de este campo.<\/li>\n\n\n\n<li>Realizar an\u00e1lisis y evaluaci\u00f3n de los procesos de comunicaci\u00f3n e instrumentarse para coordinar, promover y facilitar la misma.<\/li>\n\n\n\n<li>Ser constitutiva\/o y constituyente de los fen\u00f3menos de cohesi\u00f3n, pertenencia y pertinencia dentro de la Instituci\u00f3n y de su grupo.<\/li>\n\n\n\n<li>Adquirir la capacidad de organizar y\/o insertarse en equipos interdisciplinarios.<\/li>\n\n\n\n<li>Adquirir o mejorar la capacidad de organizar actividades acad\u00e9micas, culturales y sociales .<\/li>\n\n\n\n<li>Adquirir o mejorar la capacidad de escucha.<\/li>\n\n\n\n<li>Adquirir o mejorar la capacidad de registro de situaciones.<\/li>\n\n\n\n<li>Desarrollar su capacidad de insight personal y dentro de los grupos a los que pertenece.<\/li>\n\n\n\n<li>Adquirir o mejorar la capacidad de lectura y comprensi\u00f3n de los fen\u00f3menos grupales.<\/li>\n\n\n\n<li>Adquirir o mejorar la capacidad de autocontinencia y continencia del otro en situaciones de incremento de ansiedades.<\/li>\n\n\n\n<li>Acompa\u00f1ar al grupo en su b\u00fasqueda de mayor participaci\u00f3n y protagonismo en funci\u00f3n de una adaptaci\u00f3n activa a la realidad.<\/li>\n\n\n\n<li>Lograr una s\u00f3lida actitud que trascienda en cada uno de sus actos.<\/li>\n<\/ul>\n","protected":false},"excerpt":{"rendered":"<p>El perfil del\/la Psic\u00f3loga\/o Social incluye s\u00f3lidos conocimientos te\u00f3ricos habilidades, funciones y tareas que corresponden a procesos comunicacionales y trabajo grupal, necesitando:<\/p>\n","protected":false},"author":3,"featured_media":0,"parent":0,"menu_order":0,"comment_status":"closed","ping_status":"closed","template":"","meta":{"footnotes":""},"class_list":["post-171","page","type-page","status-publish","hentry"],"_links":{"self":[{"href":"https:\/\/fundaciontehuelche.com.ar\/web\/wp-json\/wp\/v2\/pages\/171","targetHints":{"allow":["GET"]}}],"collection":[{"href":"https:\/\/fundaciontehuelche.com.ar\/web\/wp-json\/wp\/v2\/pages"}],"about":[{"href":"https:\/\/fundaciontehuelche.com.ar\/web\/wp-json\/wp\/v2\/types\/page"}],"author":[{"embeddable":true,"href":"https:\/\/fundaciontehuelche.com.ar\/web\/wp-json\/wp\/v2\/users\/3"}],"replies":[{"embeddable":true,"href":"https:\/\/fundaciontehuelche.com.ar\/web\/wp-json\/wp\/v2\/comments?post=171"}],"version-history":[{"count":1,"href":"https:\/\/fundaciontehuelche.com.ar\/web\/wp-json\/wp\/v2\/pages\/171\/revisions"}],"predecessor-version":[{"id":172,"href":"https:\/\/fundaciontehuelche.com.ar\/web\/wp-json\/wp\/v2\/pages\/171\/revisions\/172"}],"wp:attachment":[{"href":"https:\/\/fundaciontehuelche.com.ar\/web\/wp-json\/wp\/v2\/media?parent=171"}],"curies":[{"name":"wp","href":"https:\/\/api.w.org\/{rel}","templated":true}]}}

Perfil del Psicólogo Social

<p>El perfil del/la Psicóloga/o Social incluye sólidos conocimientos teóricos habilidades, funciones y tareas que corresponden a procesos comunicacionales y trabajo grupal, necesitando:</p>



<ul class="wp-block-list">
<li>Haber incorporado el marco teórico desarrollado a lo largo de la currícula.</li>



<li>Tener una adaptación activa en su grupo de trabajo, pudiendo resolver los obstáculos.</li>



<li>Estar instrumentado/a en las técnicas específicas de este campo.</li>



<li>Realizar análisis y evaluación de los procesos de comunicación e instrumentarse para coordinar, promover y facilitar la misma.</li>



<li>Ser constitutiva/o y constituyente de los fenómenos de cohesión, pertenencia y pertinencia dentro de la Institución y de su grupo.</li>



<li>Adquirir la capacidad de organizar y/o insertarse en equipos interdisciplinarios.</li>



<li>Adquirir o mejorar la capacidad de organizar actividades académicas, culturales y sociales .</li>



<li>Adquirir o mejorar la capacidad de escucha.</li>



<li>Adquirir o mejorar la capacidad de registro de situaciones.</li>



<li>Desarrollar su capacidad de insight personal y dentro de los grupos a los que pertenece.</li>



<li>Adquirir o mejorar la capacidad de lectura y comprensión de los fenómenos grupales.</li>



<li>Adquirir o mejorar la capacidad de autocontinencia y continencia del otro en situaciones de incremento de ansiedades.</li>



<li>Acompañar al grupo en su búsqueda de mayor participación y protagonismo en función de una adaptación activa a la realidad.</li>



<li>Lograr una sólida actitud que trascienda en cada uno de sus actos.</li>
</ul>

<p>El perfil del/la Psicóloga/o Social incluye sólidos conocimientos teóricos habilidades, funciones y tareas que corresponden a procesos comunicacionales y trabajo grupal, necesitando:</p>
