{"id":204,"date":"2025-01-28T19:11:08","date_gmt":"2025-01-28T19:11:08","guid":{"rendered":"https:\/\/fundaciontehuelche.com.ar\/web\/?page_id=204"},"modified":"2025-01-28T19:12:05","modified_gmt":"2025-01-28T19:12:05","slug":"escenas-temidas","status":"publish","type":"page","link":"https:\/\/fundaciontehuelche.com.ar\/web\/escenas-temidas\/","title":{"rendered":"Escenas temidas"},"content":{"rendered":"\n<p><strong>Ejercicio elaborado por CONFLUENCIA Psicosocial.<\/strong><\/p>\n\n\n\n<p>Algunas de las Escenas Temidas identificadas por nuestros alumnos en sus Pr\u00e1cticas de Coordinaci\u00f3n. Fueron trabajadas grupal e individualmente<\/p>\n\n\n\n<p>1. Que se noten mis temores<br>2. Exagerado sentido de perfecci\u00f3n<br>3. Identificaci\u00f3n con el m\u00e1s d\u00e9bil<br>4. Que no se escuchen mis se\u00f1alamientos o interpretaciones<br>5. No obtener reconocimiento<br>6. Ser muy tolerante<br>7. Temor a no ver el conflicto. No darme cuenta<br>8. Hacer alianzas<br>9. No ser claro en las consignas<br>10. No poder contener una situaci\u00f3n<br>11. Deserci\u00f3n de los integrantes<br>12. Involucrarme. No saber disociar<br>13. No entender un nuevo proceso que se est\u00e1 gestando<br>14. Temor a la competencia<br>15. Tener conductas autoritarias.<br>16. Tener conductas r\u00edgidas.<br>17. Temor a no resolver el conflicto.<br>18. Que el grupo haga silencios prolongados<br>19. Que se arme l\u00edo y no poder contenerlo<br>Otros<\/p>\n\n\n\n<p>Saco conclusiones<\/p>\n","protected":false},"excerpt":{"rendered":"<p>Ejercicio elaborado por CONFLUENCIA Psicosocial. Algunas de las Escenas Temidas identificadas por nuestros alumnos en sus Pr\u00e1cticas de Coordinaci\u00f3n. Fueron trabajadas grupal e individualmente 1. Que se noten mis temores2. Exagerado sentido de perfecci\u00f3n3. Identificaci\u00f3n con el m\u00e1s d\u00e9bil4. Que no se escuchen mis se\u00f1alamientos o interpretaciones5. No obtener reconocimiento6. Ser muy tolerante7. Temor a [&hellip;]<\/p>\n","protected":false},"author":3,"featured_media":0,"parent":0,"menu_order":0,"comment_status":"closed","ping_status":"closed","template":"","meta":{"footnotes":""},"class_list":["post-204","page","type-page","status-publish","hentry"],"_links":{"self":[{"href":"https:\/\/fundaciontehuelche.com.ar\/web\/wp-json\/wp\/v2\/pages\/204","targetHints":{"allow":["GET"]}}],"collection":[{"href":"https:\/\/fundaciontehuelche.com.ar\/web\/wp-json\/wp\/v2\/pages"}],"about":[{"href":"https:\/\/fundaciontehuelche.com.ar\/web\/wp-json\/wp\/v2\/types\/page"}],"author":[{"embeddable":true,"href":"https:\/\/fundaciontehuelche.com.ar\/web\/wp-json\/wp\/v2\/users\/3"}],"replies":[{"embeddable":true,"href":"https:\/\/fundaciontehuelche.com.ar\/web\/wp-json\/wp\/v2\/comments?post=204"}],"version-history":[{"count":1,"href":"https:\/\/fundaciontehuelche.com.ar\/web\/wp-json\/wp\/v2\/pages\/204\/revisions"}],"predecessor-version":[{"id":205,"href":"https:\/\/fundaciontehuelche.com.ar\/web\/wp-json\/wp\/v2\/pages\/204\/revisions\/205"}],"wp:attachment":[{"href":"https:\/\/fundaciontehuelche.com.ar\/web\/wp-json\/wp\/v2\/media?parent=204"}],"curies":[{"name":"wp","href":"https:\/\/api.w.org\/{rel}","templated":true}]}}

<p><strong>Ejercicio elaborado por CONFLUENCIA Psicosocial.</strong></p>



<p>Algunas de las Escenas Temidas identificadas por nuestros alumnos en sus Prácticas de Coordinación. Fueron trabajadas grupal e individualmente</p>



<p>1. Que se noten mis temores<br>2. Exagerado sentido de perfección<br>3. Identificación con el más débil<br>4. Que no se escuchen mis señalamientos o interpretaciones<br>5. No obtener reconocimiento<br>6. Ser muy tolerante<br>7. Temor a no ver el conflicto. No darme cuenta<br>8. Hacer alianzas<br>9. No ser claro en las consignas<br>10. No poder contener una situación<br>11. Deserción de los integrantes<br>12. Involucrarme. No saber disociar<br>13. No entender un nuevo proceso que se está gestando<br>14. Temor a la competencia<br>15. Tener conductas autoritarias.<br>16. Tener conductas rígidas.<br>17. Temor a no resolver el conflicto.<br>18. Que el grupo haga silencios prolongados<br>19. Que se arme lío y no poder contenerlo<br>Otros</p>



<p>Saco conclusiones</p>

<p>Ejercicio elaborado por CONFLUENCIA Psicosocial. Algunas de las Escenas Temidas identificadas por nuestros alumnos en sus Prácticas de Coordinación. Fueron trabajadas grupal e individualmente 1. Que se noten mis temores2. Exagerado sentido de perfección3. Identificación con el más débil4. Que no se escuchen mis señalamientos o interpretaciones5. No obtener reconocimiento6. Ser muy tolerante7. Temor a [&hellip;]</p>
