{"id":34,"date":"2025-01-24T18:03:31","date_gmt":"2025-01-24T18:03:31","guid":{"rendered":"https:\/\/fundaciontehuelche.com.ar\/web\/?page_id=34"},"modified":"2025-02-01T14:19:10","modified_gmt":"2025-02-01T14:19:10","slug":"quienes-somos","status":"publish","type":"page","link":"https:\/\/fundaciontehuelche.com.ar\/web\/quienes-somos\/","title":{"rendered":"Quienes Somos"},"content":{"rendered":"\n<p><\/p>\n\n\n\n<p>Creada en 1992, trabaja espont\u00e1neamente durante 3 a\u00f1os, promoviendo al hombre y la mujer<br>a trav\u00e9s de la capacitaci\u00f3n y el intercambio entre ciudades, provincias y el pa\u00eds<br>En 1995 se establece como Persona Jur\u00eddica 1627Ch.<br>Est\u00e1 orientada a:<\/p>\n\n\n\n<ol class=\"wp-block-list\">\n<li>Diagnosticar necesidades de capacitaci\u00f3n y responder a ellas.<\/li>\n\n\n\n<li>Articular actividades educativas, culturales y acad\u00e9micas entre provincias, a nivel<br>nacional e internacional.<\/li>\n\n\n\n<li>Organizar actividades para el fortalecimiento de la mujer y el estudio y producci\u00f3n de<br>feminismo.<br>\u00a0<br><strong>La Fundaci\u00f3n es presidida por la\u00a0Lic. Diana Coblier.<\/strong><br>Presidenta de Fundaci\u00f3n Tehuelche.<br>Ex docente en las Universidades Nacionales de Buenos Aires, La Plata y de la<br>Patagonia.<br>Ex Asesora del Ministerio de Acci\u00f3n Social de la Provincia de R\u00edo Negro.<br>Ex Asesora del Consejo Provincial de Salud P\u00fablica de la Provincia de R\u00edo Negro.<br>Miembro Honoraria del Colegio de Psic\u00f3logas\/os de la Provincia de Chubut.<br>Presidenta de ocho Congresos Nacionales de Emprendimientos de la Mujer.<br>Coordinadora del Primero, Segundo y Tercer Congresos Patag\u00f3nicos<strong>\u00a0Lo Legal y Lo<br>Leg\u00edtimo.<\/strong><\/li>\n<\/ol>\n\n\n\n<h2 class=\"wp-block-heading\">Actividades realizadas por la Fundaci\u00f3n Tehuelche.<\/h2>\n\n\n\n<h3 class=\"wp-block-heading\"><br><strong>Publicaciones<\/strong><\/h3>\n\n\n\n<p><br>Autora de art\u00edculos para publicaciones nacionales, extranjeras y p\u00e1ginas web sobre PNL,<br>Ideolog\u00eda de la Ciencia, An\u00e1lisis Cr\u00edtico de la Vida Cotidiana y Feminismo.<br>Su trabajo fue seleccionado junto a 16 autoras latinoamericanas y editado en el<br>libro\u00a0<strong>Pensamiento Feminista ll<\/strong>, Aportes para un nuevo andamiaje social. CEN Ediciones, 2004.<br>Compiladora y Co Autora del libro <strong>\u201cLo Legal y Lo Leg\u00edtimo\u201d, \u201cPsicolog\u00eda Social, 50 a\u00f1os no es<br>nada\u201d, \u201cMujeres y Feminismos\u201d y Autora de \u201cEl Var\u00f3n Devaluado\u201d.<\/strong><\/p>\n\n\n\n<h3 class=\"wp-block-heading\"><br>Congresos<\/h3>\n\n\n\n<p><br>Organiza y preside el\u00a01<strong>\u00b0 , 2\u00b0 , 3\u00b0, 4\u00b0 , 5\u00b0 , 6\u00b0 , 7\u00b0 y 8\u00b0 Congresos Nacionales de la Mujer y sus<br>Emprendimientos.<\/strong> Tres de ellos en Buenos Aires (Casa del Chubut, Gobierno de la Ciudad de<br>Buenos Aires y Universidad de Belgrano), tres en la Provincia de Chubut (dos en Rawson, uno<br>en Comodoro Rivadavia), uno en Neuquen (Universidad Nacional del Comahue) y uno en Santa<br>Fe, Rosario (Asoc. Mujeres Empresarias). A los mismo asisten, en car\u00e1cter de disertantes, las<br>especialistas Contadora<strong>\u00a0Marta Harff\u00a0<\/strong>(Productos Marta Harff), Licenciada\u00a0<strong>Cristina<br>Mejies<\/strong>\u00a0(CMConsultora), Ingeniera\u00a0<strong>Lila Guerrero<\/strong>\u00a0(Sossen), Dra.\u00a0<strong>Ana Maria Mass<\/strong>\u00a0(UADE).<\/p>\n\n\n\n<p><br><strong>PRIMER CONGRESO PATAGONICO<\/strong> Organizado conjuntamente con ATICO<br>SOCIEDAD, PSICOLOGIA Y CULTURA.<\/p>\n\n\n\n<p><br>Se realiz\u00f3 en Rawson, Chubut. Patagonia Argentina.<br>17, 18 y 129 de Octubre 2003.<br>Tema central del Congreso<\/p>\n\n\n\n<p>\u00abNuevos paradigmas, instituciones y subjetividad\u00bb<\/p>\n\n\n\n<p><br>Disertantes:\u00a0<strong>Enrique Carpintero,\u00a0Alfredo Moffatt,\u00a0Le\u00f3n Rozitchner\u00a0y\u00a0Vicente Zito Lema.<\/strong><br>Presentaron trabajos:\u00a0<strong>Enrique Stola, M\u00f3nica Zuretti, Adriana Piterbarg, Carlos T\u00edtolo, Pablo<br>George, Miguel de Boer, Felicitas Mira, Tony Miglianelli, Eugenia Manzanelli , Estela Mora,<br>entre otros.<\/strong><\/p>\n\n\n\n<h5 class=\"wp-block-heading\"><br>SEGUNDO CONGRESO PATAGONICO SOCIEDAD, PSICOLOGIA Y CULTURA<\/h5>\n\n\n\n<p><br>\u00a0\u00a0\u00a0\u00a0 Participaron del mismo<br>\u00a0\u00a0\u00a0\u00a0\u00a0<strong>Eva Giberti\u00a0y\u00a0Vicente Zito Lema<\/strong><\/p>\n\n\n\n<h3 class=\"wp-block-heading\"><br>Cursos, Carreras, Talleres<\/h3>\n\n\n\n<ul class=\"wp-block-list\">\n<li>Organiz\u00f3 numerosos seminarios y talleres sobre:<\/li>\n\n\n\n<li>Nuevos paradigmas y cambio social<\/li>\n\n\n\n<li>Introducci\u00f3n al Pensamiento Cient\u00edfico<\/li>\n\n\n\n<li>Psicoan\u00e1lisis<\/li>\n\n\n\n<li>Psicolog\u00eda Social<\/li>\n\n\n\n<li>Mirada cr\u00edtica a la vida cotidiana<\/li>\n\n\n\n<li>Historia del Feminismo<\/li>\n\n\n\n<li>Cultura patriarcal y su arraigo en la Mujer<\/li>\n\n\n\n<li>Climaterio y Menopausia<\/li>\n\n\n\n<li>Oratoria<\/li>\n\n\n\n<li>Emprendimientos Profesionales<\/li>\n\n\n\n<li>Mujeres y Emprendimientos<\/li>\n\n\n\n<li>Programaci\u00f3n Neuro Ling\u00fc\u00edstica<\/li>\n\n\n\n<li>Resoluci\u00f3n de Conflictos con T\u00e9cnicas PNL<\/li>\n\n\n\n<li>Construcci\u00f3n de Objetivos con T\u00e9cnicas PNL<\/li>\n\n\n\n<li>Mediaci\u00f3n, Introducci\u00f3n y Entrenamiento.<\/li>\n<\/ul>\n\n\n\n<h3 class=\"wp-block-heading\"><br>Escuelas de Psicolog\u00eda Social<\/h3>\n\n\n\n<p><br>Desde 1999 dicta la formaci\u00f3n en Psicolog\u00eda Social, de 3 a\u00f1os de duraci\u00f3n.<br><strong>Postgrados (a\u00f1o 2004)<\/strong><br>En convenio con\u00a0<a href=\"https:\/\/www.flacso.org.ar\/\">FLACSO\u00a0 (Facultad Latinoamericana de Ciencias Sociales)<\/a><br>Fundaci\u00f3n Tehuelche\u00a0realiz\u00f3 en la\u00a0Provincia de Chubut,\u00a0la coordinaci\u00f3n de los siguientes Post<br>Grados y Especializaciones:<\/p>\n\n\n\n<ul class=\"wp-block-list\">\n<li>Diploma Superior en Constructivismo y Educaci\u00f3n.<\/li>\n\n\n\n<li>Diploma Superior de Postgrado en Gesti\u00f3n Educativa. Con opci\u00f3n a especializaci\u00f3n.<\/li>\n\n\n\n<li>Diploma Superior Curriculum y Pr\u00e1cticas Escolares en Contexto. Con opci\u00f3n a<\/li>\n<\/ul>\n\n\n\n<h3 class=\"wp-block-heading\"><br><br>Foros<\/h3>\n\n\n\n<p><br>Participa desde su creaci\u00f3n y hasta la fecha de numerosos Foros sobre<\/p>\n\n\n\n<ul class=\"wp-block-list\">\n<li>G\u00e9nero<\/li>\n\n\n\n<li>Psicolog\u00eda Social, <\/li>\n\n\n\n<li>Psicoan\u00e1lisis y otros temas.<\/li>\n<\/ul>\n","protected":false},"excerpt":{"rendered":"<p>Creada en 1992, trabaja espont\u00e1neamente durante 3 a\u00f1os, promoviendo al hombre y la mujera trav\u00e9s de la capacitaci\u00f3n y el intercambio entre ciudades, provincias y el pa\u00edsEn 1995 se establece como Persona Jur\u00eddica 1627Ch.Est\u00e1 orientada a: Actividades realizadas por la Fundaci\u00f3n Tehuelche. Publicaciones Autora de art\u00edculos para publicaciones nacionales, extranjeras y p\u00e1ginas web sobre PNL,Ideolog\u00eda [&hellip;]<\/p>\n","protected":false},"author":3,"featured_media":36,"parent":0,"menu_order":0,"comment_status":"closed","ping_status":"closed","template":"","meta":{"footnotes":""},"class_list":["post-34","page","type-page","status-publish","has-post-thumbnail","hentry"],"_links":{"self":[{"href":"https:\/\/fundaciontehuelche.com.ar\/web\/wp-json\/wp\/v2\/pages\/34","targetHints":{"allow":["GET"]}}],"collection":[{"href":"https:\/\/fundaciontehuelche.com.ar\/web\/wp-json\/wp\/v2\/pages"}],"about":[{"href":"https:\/\/fundaciontehuelche.com.ar\/web\/wp-json\/wp\/v2\/types\/page"}],"author":[{"embeddable":true,"href":"https:\/\/fundaciontehuelche.com.ar\/web\/wp-json\/wp\/v2\/users\/3"}],"replies":[{"embeddable":true,"href":"https:\/\/fundaciontehuelche.com.ar\/web\/wp-json\/wp\/v2\/comments?post=34"}],"version-history":[{"count":13,"href":"https:\/\/fundaciontehuelche.com.ar\/web\/wp-json\/wp\/v2\/pages\/34\/revisions"}],"predecessor-version":[{"id":247,"href":"https:\/\/fundaciontehuelche.com.ar\/web\/wp-json\/wp\/v2\/pages\/34\/revisions\/247"}],"wp:featuredmedia":[{"embeddable":true,"href":"https:\/\/fundaciontehuelche.com.ar\/web\/wp-json\/wp\/v2\/media\/36"}],"wp:attachment":[{"href":"https:\/\/fundaciontehuelche.com.ar\/web\/wp-json\/wp\/v2\/media?parent=34"}],"curies":[{"name":"wp","href":"https:\/\/api.w.org\/{rel}","templated":true}]}}