{"id":61,"date":"2025-01-24T19:00:19","date_gmt":"2025-01-24T19:00:19","guid":{"rendered":"https:\/\/fundaciontehuelche.com.ar\/web\/?page_id=61"},"modified":"2025-01-27T18:52:42","modified_gmt":"2025-01-27T18:52:42","slug":"mediacion","status":"publish","type":"page","link":"https:\/\/fundaciontehuelche.com.ar\/web\/mediacion\/","title":{"rendered":"Mediaci\u00f3n"},"content":{"rendered":"\n<h3 class=\"wp-block-heading\"><strong>Cursos de Mediaci\u00f3n<\/strong><\/h3>\n\n\n\n<p>Los Cursos de Mediaci\u00f3n organizados por la Fundaci\u00f3n Tehuelche se realizan en todo el pa\u00eds, en convenio con Instituciones Formadoras habilitadas por el Ministerio de Justicia y Derechos Humanos de Naci\u00f3n.<\/p>\n\n\n\n<p><strong>Cursos de formaci\u00f3n B\u00e1sica<\/strong><\/p>\n\n\n\n<p><strong>Introducci\u00f3n a la Mediaci\u00f3n<\/strong>\u00a0(20 horas)<br><strong>Entrenamiento en Mediaci\u00f3n<\/strong>\u00a0(60 Horas)<\/p>\n\n\n\n<p><strong>Otros Cursos<\/strong><\/p>\n\n\n\n<p>Curso de Mediaci\u00f3n&nbsp;<strong>\u00abConversaciones Dif\u00edciles<\/strong><strong>\u00ab<\/strong>.&nbsp;Herramientas para la Mediaci\u00f3n Judicial, Empresarial, Educativa, Familiar y Comunitaria. (20 horas)<\/p>\n\n\n\n<p>*Consultar por otros Cursos de Actualizaci\u00f3n<\/p>\n","protected":false},"excerpt":{"rendered":"<p>Cursos de Mediaci\u00f3n Los Cursos de Mediaci\u00f3n organizados por la Fundaci\u00f3n Tehuelche se realizan en todo el pa\u00eds, en convenio con Instituciones Formadoras habilitadas por el Ministerio de Justicia y Derechos Humanos de Naci\u00f3n. Cursos de formaci\u00f3n B\u00e1sica Introducci\u00f3n a la Mediaci\u00f3n\u00a0(20 horas)Entrenamiento en Mediaci\u00f3n\u00a0(60 Horas) Otros Cursos Curso de Mediaci\u00f3n&nbsp;\u00abConversaciones Dif\u00edciles\u00ab.&nbsp;Herramientas para la Mediaci\u00f3n [&hellip;]<\/p>\n","protected":false},"author":3,"featured_media":0,"parent":0,"menu_order":0,"comment_status":"closed","ping_status":"closed","template":"","meta":{"footnotes":""},"class_list":["post-61","page","type-page","status-publish","hentry"],"_links":{"self":[{"href":"https:\/\/fundaciontehuelche.com.ar\/web\/wp-json\/wp\/v2\/pages\/61","targetHints":{"allow":["GET"]}}],"collection":[{"href":"https:\/\/fundaciontehuelche.com.ar\/web\/wp-json\/wp\/v2\/pages"}],"about":[{"href":"https:\/\/fundaciontehuelche.com.ar\/web\/wp-json\/wp\/v2\/types\/page"}],"author":[{"embeddable":true,"href":"https:\/\/fundaciontehuelche.com.ar\/web\/wp-json\/wp\/v2\/users\/3"}],"replies":[{"embeddable":true,"href":"https:\/\/fundaciontehuelche.com.ar\/web\/wp-json\/wp\/v2\/comments?post=61"}],"version-history":[{"count":2,"href":"https:\/\/fundaciontehuelche.com.ar\/web\/wp-json\/wp\/v2\/pages\/61\/revisions"}],"predecessor-version":[{"id":93,"href":"https:\/\/fundaciontehuelche.com.ar\/web\/wp-json\/wp\/v2\/pages\/61\/revisions\/93"}],"wp:attachment":[{"href":"https:\/\/fundaciontehuelche.com.ar\/web\/wp-json\/wp\/v2\/media?parent=61"}],"curies":[{"name":"wp","href":"https:\/\/api.w.org\/{rel}","templated":true}]}}

Mediación

<h3 class="wp-block-heading"><strong>Cursos de Mediación</strong></h3>



<p>Los Cursos de Mediación organizados por la Fundación Tehuelche se realizan en todo el país, en convenio con Instituciones Formadoras habilitadas por el Ministerio de Justicia y Derechos Humanos de Nación.</p>



<p><strong>Cursos de formación Básica</strong></p>



<p><strong>Introducción a la Mediación</strong> (20 horas)<br><strong>Entrenamiento en Mediación</strong> (60 Horas)</p>



<p><strong>Otros Cursos</strong></p>



<p>Curso de Mediación&nbsp;<strong>«Conversaciones Difíciles</strong><strong>«</strong>.&nbsp;Herramientas para la Mediación Judicial, Empresarial, Educativa, Familiar y Comunitaria. (20 horas)</p>



<p>*Consultar por otros Cursos de Actualización</p>

<p>Cursos de Mediación Los Cursos de Mediación organizados por la Fundación Tehuelche se realizan en todo el país, en convenio con Instituciones Formadoras habilitadas por el Ministerio de Justicia y Derechos Humanos de Nación. Cursos de formación Básica Introducción a la Mediación (20 horas)Entrenamiento en Mediación (60 Horas) Otros Cursos Curso de Mediación&nbsp;«Conversaciones Difíciles«.&nbsp;Herramientas para la Mediación [&hellip;]</p>
