{"id":69,"date":"2025-01-24T19:12:14","date_gmt":"2025-01-24T19:12:14","guid":{"rendered":"https:\/\/fundaciontehuelche.com.ar\/web\/?page_id=69"},"modified":"2025-01-27T18:53:40","modified_gmt":"2025-01-27T18:53:40","slug":"premio-mujer-trayectoria","status":"publish","type":"page","link":"https:\/\/fundaciontehuelche.com.ar\/web\/premio-mujer-trayectoria\/","title":{"rendered":"Premio Mujer Trayectoria"},"content":{"rendered":"\n<p><strong>La Fundaci\u00f3n Tehuelche instituy\u00f3 a partir del a\u00f1o 2004<br>el Premio Mujer Trayectoria.<br>El primero fue otorgado a Eva Giberti, por su trayectoria<br>en el campo de la Psicolog\u00eda, el Psicoan\u00e1lisis, los Derechos Humanos<br>y la Docencia entre otras expresiones de su fecunda tarea,<br>realizada desde la \u00e9tica, la coherencia ideol\u00f3gica<br>y la productividad de pensamiento.<\/strong><\/p>\n\n\n\n<figure class=\"wp-block-image size-full\"><a href=\"https:\/\/fundaciontehuelche.com.ar\/web\/wp-content\/uploads\/2025\/01\/Premio1.jpg\"><img loading=\"lazy\" decoding=\"async\" width=\"480\" height=\"291\" src=\"https:\/\/fundaciontehuelche.com.ar\/web\/wp-content\/uploads\/2025\/01\/Premio1.jpg\" alt=\"\" class=\"wp-image-71\" srcset=\"https:\/\/fundaciontehuelche.com.ar\/web\/wp-content\/uploads\/2025\/01\/Premio1.jpg 480w, https:\/\/fundaciontehuelche.com.ar\/web\/wp-content\/uploads\/2025\/01\/Premio1-300x182.jpg 300w\" sizes=\"auto, (max-width: 480px) 100vw, 480px\" \/><\/a><\/figure>\n\n\n\n<p><strong>Presenta Diana Coblier acompa\u00f1ada por el equipo de Fundaci\u00f3n Tehuelche<\/strong><\/p>\n\n\n\n<figure class=\"wp-block-gallery has-nested-images columns-default is-cropped wp-block-gallery-1 is-layout-flex wp-block-gallery-is-layout-flex\">\n<figure class=\"wp-block-image size-large\"><a href=\"https:\/\/fundaciontehuelche.com.ar\/web\/wp-content\/uploads\/2025\/01\/Premio4.jpg\"><img loading=\"lazy\" decoding=\"async\" width=\"320\" height=\"184\" data-id=\"75\" src=\"https:\/\/fundaciontehuelche.com.ar\/web\/wp-content\/uploads\/2025\/01\/Premio4.jpg\" alt=\"\" class=\"wp-image-75\" srcset=\"https:\/\/fundaciontehuelche.com.ar\/web\/wp-content\/uploads\/2025\/01\/Premio4.jpg 320w, https:\/\/fundaciontehuelche.com.ar\/web\/wp-content\/uploads\/2025\/01\/Premio4-300x173.jpg 300w\" sizes=\"auto, (max-width: 320px) 100vw, 320px\" \/><\/a><\/figure>\n\n\n\n<figure class=\"wp-block-image size-large\"><a href=\"https:\/\/fundaciontehuelche.com.ar\/web\/wp-content\/uploads\/2025\/01\/Premio5.jpg\"><img loading=\"lazy\" decoding=\"async\" width=\"320\" height=\"221\" data-id=\"72\" src=\"https:\/\/fundaciontehuelche.com.ar\/web\/wp-content\/uploads\/2025\/01\/Premio5.jpg\" alt=\"\" class=\"wp-image-72\" srcset=\"https:\/\/fundaciontehuelche.com.ar\/web\/wp-content\/uploads\/2025\/01\/Premio5.jpg 320w, https:\/\/fundaciontehuelche.com.ar\/web\/wp-content\/uploads\/2025\/01\/Premio5-300x207.jpg 300w\" sizes=\"auto, (max-width: 320px) 100vw, 320px\" \/><\/a><\/figure>\n\n\n\n<figure class=\"wp-block-image size-large\"><a href=\"https:\/\/fundaciontehuelche.com.ar\/web\/wp-content\/uploads\/2025\/01\/Premio6.jpg\"><img loading=\"lazy\" decoding=\"async\" width=\"320\" height=\"216\" data-id=\"74\" src=\"https:\/\/fundaciontehuelche.com.ar\/web\/wp-content\/uploads\/2025\/01\/Premio6.jpg\" alt=\"\" class=\"wp-image-74\" srcset=\"https:\/\/fundaciontehuelche.com.ar\/web\/wp-content\/uploads\/2025\/01\/Premio6.jpg 320w, https:\/\/fundaciontehuelche.com.ar\/web\/wp-content\/uploads\/2025\/01\/Premio6-300x203.jpg 300w\" sizes=\"auto, (max-width: 320px) 100vw, 320px\" \/><\/a><\/figure>\n\n\n\n<figure class=\"wp-block-image size-large\"><a href=\"https:\/\/fundaciontehuelche.com.ar\/web\/wp-content\/uploads\/2025\/01\/Premio7.jpg\"><img loading=\"lazy\" decoding=\"async\" width=\"230\" height=\"320\" data-id=\"73\" src=\"https:\/\/fundaciontehuelche.com.ar\/web\/wp-content\/uploads\/2025\/01\/Premio7.jpg\" alt=\"\" class=\"wp-image-73\" srcset=\"https:\/\/fundaciontehuelche.com.ar\/web\/wp-content\/uploads\/2025\/01\/Premio7.jpg 230w, https:\/\/fundaciontehuelche.com.ar\/web\/wp-content\/uploads\/2025\/01\/Premio7-216x300.jpg 216w\" sizes=\"auto, (max-width: 230px) 100vw, 230px\" \/><\/a><\/figure>\n<\/figure>\n\n\n\n<p>(\u2026) Fundaci\u00f3n Tehuelche deseaba instituir el Premio Mujer Trayectoria desde hace varios a\u00f1os. En una conversaci\u00f3n telef\u00f3nica que tuvimos hace un mes con el Dr. Enrique Stola me dio el empuj\u00f3n necesario para concretar este deseo. Me se\u00f1al\u00f3 qu\u00e9 buen momento ahora que va a ir Eva a Trelew, y en el marco del Congreso que pueda entregarse por primera vez y ya dejar instituido el Premio Mujer Trayectoria. Bueno, Eva esta ac\u00e1, es un momento importante para todas nosotras, para todos nosotros, el estar acompa\u00f1ada por personas que nos quieren y que trabajan permanentemente con nosotros, gente con la que compartimos la tarea cotidiana, para mi es muy importante . Y es muy importante que la primera mujer que recibe el Premio Fundaci\u00f3n Tehuelche Mujer Trayectoria sea Eva Giberti, . Porque adem\u00e1s de premios como Dignidad o premios como Ciudadana Ilustre de la Ciudad de Buenos Aires, Eva tiene otros premios que no son tan conocidos . Yo s\u00e9 algunos secretos porque hace muchos a\u00f1os estamos compartiendo unas listas sobre todo las de mujeres, donde a veces contamos algunas intimidades.<br>Por ejemplo saber que Eva Giberti tiene el Premio de la Sociedad Protectora de Animales, (risas) porque cuando muchos de ustedes eran muy chiquitos ya Eva desde la pantalla de televisi\u00f3n, dec\u00eda que era muy saludable que en todas las familias hubiera un animalito. Adem\u00e1s, ese paso por las pantallas de televisi\u00f3n, que tanto bien nos hizo a la sociedad, y que tanto ayud\u00f3 a nuestras madres a poder entender las cosas de una manera diferente, sabemos que tambi\u00e9n a Eva Giberti le vali\u00f3 algunos enjuiciamientos y algunas inquisiciones de colegas. Tampoco Eva Giberti se salv\u00f3 de las inquisiciones, de los cuestionamientos a las legitimidades y las legalidades de que estamos dando cuenta desde hace tres d\u00edas en este Segundo Congreso Patag\u00f3nico .<br>Todo esto ha sido parte del camino y de la potente trayectoria que ha tenido Eva, por la cual sabemos que es una mujer que est\u00e1 en el trabajo y la producci\u00f3n permanente, adem\u00e1s de la m\u00e1s absoluta audacia y vanguardia en lo que hace a producci\u00f3n cient\u00edfica y producci\u00f3n de pensamiento . Por ese motivo nos sentimos honradas y honrados de darle en este momento a Eva Giberti el Primer Premio Mujer Trayectoria de Fundaci\u00f3n Tehuelche. (aplausos)<br>(Diana Coblier hace entrega del Diploma Mujer Trayectoria y regalo)<br>(Eva Giberti abre el regalo, pide permiso. Risas)<br>Diana Coblier : La burgues\u00eda le ense\u00f1\u00f3 a sus hijos que es mala educaci\u00f3n abrir los regalos pero nosotros somos de la resistencia.<br>(Eva muestra la ruana y se lo pone) (Aplausos)<br>Si Eva quiere decir algunas palabras \u2026 Si no te perdonamos. (risas)<\/p>\n\n\n\n<p><strong>Eva Giberti<\/strong><br>Muchas gracias, muchas gracias, de veras muchas gracias, esto est\u00e1 asociado a un chiste que le hice a Diana cuando me dijo \u201cmira, te queremos dar un premio, si vos aceptas\u201d . Yo le tengo terror a las ceremonias complicadas y convencionales, le dije bueno mira, \u201cMe das un diploma, y una bufanda con un ping\u00fcino\u201d (risas).<br>Ese fue el di\u00e1logo que tuvimos, bueno esto es m\u00e1s que una bufanda, esto hasta puede llegar a ser un sarao que, se dec\u00eda, ustedes son muy j\u00f3venes pero, hab\u00eda un\u2026nadie se acuerda, como se llaman ahora? Las de verano.<br>(Pareos, dicen desde el p\u00fablico)<br>Pareos, bueno esto tiene el tama\u00f1o del pareo. Como ustedes ven.<br>Muchas gracias a la Fundaci\u00f3n Tehuelche .Muchas gracias a la Fundaci\u00f3n Cooperativa ATICO, a las personas y representantes tambi\u00e9n, a los organizadores del Congreso y a los participantes del Congreso. Muchas gracias a todas las personas que han venido, para eso es este ratito de entrega del premio y que es adem\u00e1s de conmovedor las palabras de Diana, son esas palabras que son tan tan potentes y pesadas que realmente no queda m\u00e1s por agradecer. Pero adem\u00e1s quiero decir que esta distinci\u00f3n me haya sido entregada en la ciudad de Trelew, cuya historia conozco bien, la conozco bien porque tuve que transitarla en muchas oportunidades por razones pol\u00edticas, pero adem\u00e1s tuve que transitarla por su memoria porque esta es la ciudad de la masacre del 22 de Agosto. Y no quiero irme de esta ciudad en la que he vivido muchas cosas, sin antes dejar para los j\u00f3venes y a las j\u00f3venes la memoria de lo sucedido en la historia de esta ciudad, que hace que se haya visto ennoblecida por episodios, vidas, construcciones art\u00edsticas, expresiones art\u00edsticas y que haya sido ennoblecida por Congresos como \u00e9ste, que es el segundo.<br>Y viniendo para ac\u00e1 dije \u201clos tehuelches, los tehuelches\u201d que hab\u00eda aprendido de los tehuelches, todas cosas malas, porque me ense\u00f1aban eso de los indios y lo brutos que eran, y todo eso, esa era la cultura convencional que ven\u00eda de Europa, eso se ense\u00f1aba antes, cuando yo era chiquita, hace sesenta a\u00f1os m\u00ednimo. Entonces, en cambio, y digo entonces porque yo aprend\u00ed cuando era chica que hab\u00eda historias y no solo las antropol\u00f3gicas, sino que hay un mundo de historias preciosas .<br>Hay un dios tehuelche que es ELAL, conocen? Que por supuesto, como es un dios defend\u00eda a todo el mundo, pero entre las costumbres legendarias de la cultura tehuelche, resulta que las mujeres hac\u00edan el fuego y adem\u00e1s lo cuidaban. Era una costumbre muy muy preciosa. Ellas atend\u00edan como la cultura griega, en un tiempo pre antiguo, ellas cuidaban el fuego, en honor a al dios ELAL, pero tambi\u00e9n hac\u00edan otras cosas. Ellas en los comienzos de la era tehuelche, guardaban brasas en recipientes de barro y despu\u00e9s se iban a las zonas m\u00e1s oscuras que se iban abriendo, que reci\u00e9n estaban autociviliz\u00e1ndose, y en cada recipiente llevaban una brasita y abr\u00edan una zona de luz en las regiones en la que hab\u00eda que fundar nuevas familias de los tehuelches.<br>Me pareci\u00f3 realmente m\u00e1s que hermoso, me imagin\u00e9 a las mujeres tehuelches en sus pieles, llevando una brasita a distintos lugares para abrir espacios de luz y nada mejor que esta leyenda para la Fundaci\u00f3n Tehuelche. Que es mucho m\u00e1s que una brasita de luz, es un c\u00e1ntaro de luz en una vertiente luminosa en toda la zona Patag\u00f3nica a partir este Congreso. Recuerden que en realidad esta leyenda es s\u00f3lo un robo de material de ustedes de su tierra Patag\u00f3nica. (aplausos)<\/p>\n","protected":false},"excerpt":{"rendered":"<p>La Fundaci\u00f3n Tehuelche instituy\u00f3 a partir del a\u00f1o 2004el Premio Mujer Trayectoria.El primero fue otorgado a Eva Giberti, por su trayectoriaen el campo de la Psicolog\u00eda, el Psicoan\u00e1lisis, los Derechos Humanosy la Docencia entre otras expresiones de su fecunda tarea,realizada desde la \u00e9tica, la coherencia ideol\u00f3gicay la productividad de pensamiento. Presenta Diana Coblier acompa\u00f1ada por [&hellip;]<\/p>\n","protected":false},"author":3,"featured_media":0,"parent":0,"menu_order":0,"comment_status":"closed","ping_status":"closed","template":"","meta":{"footnotes":""},"class_list":["post-69","page","type-page","status-publish","hentry"],"_links":{"self":[{"href":"https:\/\/fundaciontehuelche.com.ar\/web\/wp-json\/wp\/v2\/pages\/69","targetHints":{"allow":["GET"]}}],"collection":[{"href":"https:\/\/fundaciontehuelche.com.ar\/web\/wp-json\/wp\/v2\/pages"}],"about":[{"href":"https:\/\/fundaciontehuelche.com.ar\/web\/wp-json\/wp\/v2\/types\/page"}],"author":[{"embeddable":true,"href":"https:\/\/fundaciontehuelche.com.ar\/web\/wp-json\/wp\/v2\/users\/3"}],"replies":[{"embeddable":true,"href":"https:\/\/fundaciontehuelche.com.ar\/web\/wp-json\/wp\/v2\/comments?post=69"}],"version-history":[{"count":1,"href":"https:\/\/fundaciontehuelche.com.ar\/web\/wp-json\/wp\/v2\/pages\/69\/revisions"}],"predecessor-version":[{"id":76,"href":"https:\/\/fundaciontehuelche.com.ar\/web\/wp-json\/wp\/v2\/pages\/69\/revisions\/76"}],"wp:attachment":[{"href":"https:\/\/fundaciontehuelche.com.ar\/web\/wp-json\/wp\/v2\/media?parent=69"}],"curies":[{"name":"wp","href":"https:\/\/api.w.org\/{rel}","templated":true}]}}

<p><strong>La Fundación Tehuelche instituyó a partir del año 2004<br>el Premio Mujer Trayectoria.<br>El primero fue otorgado a Eva Giberti, por su trayectoria<br>en el campo de la Psicología, el Psicoanálisis, los Derechos Humanos<br>y la Docencia entre otras expresiones de su fecunda tarea,<br>realizada desde la ética, la coherencia ideológica<br>y la productividad de pensamiento.</strong></p>



<figure class="wp-block-image size-full"><a href="https://fundaciontehuelche.com.ar/web/wp-content/uploads/2025/01/Premio1.jpg"><img loading="lazy" decoding="async" width="480" height="291" src="https://fundaciontehuelche.com.ar/web/wp-content/uploads/2025/01/Premio1.jpg" alt="" class="wp-image-71" srcset="https://fundaciontehuelche.com.ar/web/wp-content/uploads/2025/01/Premio1.jpg 480w, https://fundaciontehuelche.com.ar/web/wp-content/uploads/2025/01/Premio1-300x182.jpg 300w" sizes="auto, (max-width: 480px) 100vw, 480px" /></a></figure>



<p><strong>Presenta Diana Coblier acompañada por el equipo de Fundación Tehuelche</strong></p>



<figure class="wp-block-gallery has-nested-images columns-default is-cropped wp-block-gallery-1 is-layout-flex wp-block-gallery-is-layout-flex">
<figure class="wp-block-image size-large"><a href="https://fundaciontehuelche.com.ar/web/wp-content/uploads/2025/01/Premio4.jpg"><img loading="lazy" decoding="async" width="320" height="184" data-id="75" src="https://fundaciontehuelche.com.ar/web/wp-content/uploads/2025/01/Premio4.jpg" alt="" class="wp-image-75" srcset="https://fundaciontehuelche.com.ar/web/wp-content/uploads/2025/01/Premio4.jpg 320w, https://fundaciontehuelche.com.ar/web/wp-content/uploads/2025/01/Premio4-300x173.jpg 300w" sizes="auto, (max-width: 320px) 100vw, 320px" /></a></figure>



<figure class="wp-block-image size-large"><a href="https://fundaciontehuelche.com.ar/web/wp-content/uploads/2025/01/Premio5.jpg"><img loading="lazy" decoding="async" width="320" height="221" data-id="72" src="https://fundaciontehuelche.com.ar/web/wp-content/uploads/2025/01/Premio5.jpg" alt="" class="wp-image-72" srcset="https://fundaciontehuelche.com.ar/web/wp-content/uploads/2025/01/Premio5.jpg 320w, https://fundaciontehuelche.com.ar/web/wp-content/uploads/2025/01/Premio5-300x207.jpg 300w" sizes="auto, (max-width: 320px) 100vw, 320px" /></a></figure>



<figure class="wp-block-image size-large"><a href="https://fundaciontehuelche.com.ar/web/wp-content/uploads/2025/01/Premio6.jpg"><img loading="lazy" decoding="async" width="320" height="216" data-id="74" src="https://fundaciontehuelche.com.ar/web/wp-content/uploads/2025/01/Premio6.jpg" alt="" class="wp-image-74" srcset="https://fundaciontehuelche.com.ar/web/wp-content/uploads/2025/01/Premio6.jpg 320w, https://fundaciontehuelche.com.ar/web/wp-content/uploads/2025/01/Premio6-300x203.jpg 300w" sizes="auto, (max-width: 320px) 100vw, 320px" /></a></figure>



<figure class="wp-block-image size-large"><a href="https://fundaciontehuelche.com.ar/web/wp-content/uploads/2025/01/Premio7.jpg"><img loading="lazy" decoding="async" width="230" height="320" data-id="73" src="https://fundaciontehuelche.com.ar/web/wp-content/uploads/2025/01/Premio7.jpg" alt="" class="wp-image-73" srcset="https://fundaciontehuelche.com.ar/web/wp-content/uploads/2025/01/Premio7.jpg 230w, https://fundaciontehuelche.com.ar/web/wp-content/uploads/2025/01/Premio7-216x300.jpg 216w" sizes="auto, (max-width: 230px) 100vw, 230px" /></a></figure>
</figure>



<p>(…) Fundación Tehuelche deseaba instituir el Premio Mujer Trayectoria desde hace varios años. En una conversación telefónica que tuvimos hace un mes con el Dr. Enrique Stola me dio el empujón necesario para concretar este deseo. Me señaló qué buen momento ahora que va a ir Eva a Trelew, y en el marco del Congreso que pueda entregarse por primera vez y ya dejar instituido el Premio Mujer Trayectoria. Bueno, Eva esta acá, es un momento importante para todas nosotras, para todos nosotros, el estar acompañada por personas que nos quieren y que trabajan permanentemente con nosotros, gente con la que compartimos la tarea cotidiana, para mi es muy importante . Y es muy importante que la primera mujer que recibe el Premio Fundación Tehuelche Mujer Trayectoria sea Eva Giberti, . Porque además de premios como Dignidad o premios como Ciudadana Ilustre de la Ciudad de Buenos Aires, Eva tiene otros premios que no son tan conocidos . Yo sé algunos secretos porque hace muchos años estamos compartiendo unas listas sobre todo las de mujeres, donde a veces contamos algunas intimidades.<br>Por ejemplo saber que Eva Giberti tiene el Premio de la Sociedad Protectora de Animales, (risas) porque cuando muchos de ustedes eran muy chiquitos ya Eva desde la pantalla de televisión, decía que era muy saludable que en todas las familias hubiera un animalito. Además, ese paso por las pantallas de televisión, que tanto bien nos hizo a la sociedad, y que tanto ayudó a nuestras madres a poder entender las cosas de una manera diferente, sabemos que también a Eva Giberti le valió algunos enjuiciamientos y algunas inquisiciones de colegas. Tampoco Eva Giberti se salvó de las inquisiciones, de los cuestionamientos a las legitimidades y las legalidades de que estamos dando cuenta desde hace tres días en este Segundo Congreso Patagónico .<br>Todo esto ha sido parte del camino y de la potente trayectoria que ha tenido Eva, por la cual sabemos que es una mujer que está en el trabajo y la producción permanente, además de la más absoluta audacia y vanguardia en lo que hace a producción científica y producción de pensamiento . Por ese motivo nos sentimos honradas y honrados de darle en este momento a Eva Giberti el Primer Premio Mujer Trayectoria de Fundación Tehuelche. (aplausos)<br>(Diana Coblier hace entrega del Diploma Mujer Trayectoria y regalo)<br>(Eva Giberti abre el regalo, pide permiso. Risas)<br>Diana Coblier : La burguesía le enseñó a sus hijos que es mala educación abrir los regalos pero nosotros somos de la resistencia.<br>(Eva muestra la ruana y se lo pone) (Aplausos)<br>Si Eva quiere decir algunas palabras … Si no te perdonamos. (risas)</p>



<p><strong>Eva Giberti</strong><br>Muchas gracias, muchas gracias, de veras muchas gracias, esto está asociado a un chiste que le hice a Diana cuando me dijo “mira, te queremos dar un premio, si vos aceptas” . Yo le tengo terror a las ceremonias complicadas y convencionales, le dije bueno mira, “Me das un diploma, y una bufanda con un pingüino” (risas).<br>Ese fue el diálogo que tuvimos, bueno esto es más que una bufanda, esto hasta puede llegar a ser un sarao que, se decía, ustedes son muy jóvenes pero, había un…nadie se acuerda, como se llaman ahora? Las de verano.<br>(Pareos, dicen desde el público)<br>Pareos, bueno esto tiene el tamaño del pareo. Como ustedes ven.<br>Muchas gracias a la Fundación Tehuelche .Muchas gracias a la Fundación Cooperativa ATICO, a las personas y representantes también, a los organizadores del Congreso y a los participantes del Congreso. Muchas gracias a todas las personas que han venido, para eso es este ratito de entrega del premio y que es además de conmovedor las palabras de Diana, son esas palabras que son tan tan potentes y pesadas que realmente no queda más por agradecer. Pero además quiero decir que esta distinción me haya sido entregada en la ciudad de Trelew, cuya historia conozco bien, la conozco bien porque tuve que transitarla en muchas oportunidades por razones políticas, pero además tuve que transitarla por su memoria porque esta es la ciudad de la masacre del 22 de Agosto. Y no quiero irme de esta ciudad en la que he vivido muchas cosas, sin antes dejar para los jóvenes y a las jóvenes la memoria de lo sucedido en la historia de esta ciudad, que hace que se haya visto ennoblecida por episodios, vidas, construcciones artísticas, expresiones artísticas y que haya sido ennoblecida por Congresos como éste, que es el segundo.<br>Y viniendo para acá dije “los tehuelches, los tehuelches” que había aprendido de los tehuelches, todas cosas malas, porque me enseñaban eso de los indios y lo brutos que eran, y todo eso, esa era la cultura convencional que venía de Europa, eso se enseñaba antes, cuando yo era chiquita, hace sesenta años mínimo. Entonces, en cambio, y digo entonces porque yo aprendí cuando era chica que había historias y no solo las antropológicas, sino que hay un mundo de historias preciosas .<br>Hay un dios tehuelche que es ELAL, conocen? Que por supuesto, como es un dios defendía a todo el mundo, pero entre las costumbres legendarias de la cultura tehuelche, resulta que las mujeres hacían el fuego y además lo cuidaban. Era una costumbre muy muy preciosa. Ellas atendían como la cultura griega, en un tiempo pre antiguo, ellas cuidaban el fuego, en honor a al dios ELAL, pero también hacían otras cosas. Ellas en los comienzos de la era tehuelche, guardaban brasas en recipientes de barro y después se iban a las zonas más oscuras que se iban abriendo, que recién estaban autocivilizándose, y en cada recipiente llevaban una brasita y abrían una zona de luz en las regiones en la que había que fundar nuevas familias de los tehuelches.<br>Me pareció realmente más que hermoso, me imaginé a las mujeres tehuelches en sus pieles, llevando una brasita a distintos lugares para abrir espacios de luz y nada mejor que esta leyenda para la Fundación Tehuelche. Que es mucho más que una brasita de luz, es un cántaro de luz en una vertiente luminosa en toda la zona Patagónica a partir este Congreso. Recuerden que en realidad esta leyenda es sólo un robo de material de ustedes de su tierra Patagónica. (aplausos)</p>

<p>La Fundación Tehuelche instituyó a partir del año 2004el Premio Mujer Trayectoria.El primero fue otorgado a Eva Giberti, por su trayectoriaen el campo de la Psicología, el Psicoanálisis, los Derechos Humanosy la Docencia entre otras expresiones de su fecunda tarea,realizada desde la ética, la coherencia ideológicay la productividad de pensamiento. Presenta Diana Coblier acompañada por [&hellip;]</p>
