{"id":77,"date":"2025-01-24T19:20:13","date_gmt":"2025-01-24T19:20:13","guid":{"rendered":"https:\/\/fundaciontehuelche.com.ar\/web\/?page_id=77"},"modified":"2025-01-29T12:32:27","modified_gmt":"2025-01-29T12:32:27","slug":"congresos-de-la-mujer","status":"publish","type":"page","link":"https:\/\/fundaciontehuelche.com.ar\/web\/congresos-de-la-mujer\/","title":{"rendered":"Congresos de la Mujer"},"content":{"rendered":"\n<p><strong>Organizados por la Fundaci\u00f3n Tehuelche, se llevaron a cabo ocho Congresos Nacionales de la Mujer y sus Emprendimientos.<\/strong><\/p>\n\n\n\n<ul class=\"wp-block-list\">\n<li><strong>Tres de ellos en Rawson, Trelew y Comodoro Rivadavia, Provincia del Chubut.<\/strong><\/li>\n\n\n\n<li><strong>Otro en la Biblioteca de la Universidad Nacional del Comahue, en Neuquen.<\/strong><\/li>\n\n\n\n<li><strong>Los restantes en Buenos Aires, siendo sus sedes la Universidad de Belgrano en una oportunidad y las dem\u00e1s la Direcci\u00f3n General de la Mujer dependiente del Gobierno de la Ciudad.<\/strong><\/li>\n<\/ul>\n\n\n\n<p>Disertaciones<\/p>\n\n\n\n<p><strong>Giraron alrededor de los siguientes Ejes Tem\u00e1ticos<\/strong><\/p>\n\n\n\n<p>1. Experiencia vivida por Mujeres Empresarias que iniciaron sus actividades con peque\u00f1os emprendimientos. Marta Harff, Marta Katz, Choly Berreteaga, otras.<br>2. Diferentes teor\u00edas y t\u00e9cnicas de los Emprendimientos.<br>3. T\u00e9cnicas de Ventas. C\u00f3mo hago conocer mi producto o servicio.<br>4. T\u00e9cnicas de Programaci\u00f3n Neuroling\u00fc\u00edstica aplicadas a Emprendimientos<br>5. Dificultades para los Emprendimiento de Mujeres en la sociedad patriarcal<br>6. Mujer, Conciliaci\u00f3n y Negociaci\u00f3n<br>7. Lo p\u00fablico y lo privado en la vida de la Mujer.<\/p>\n\n\n\n<p>Tambi\u00e9n se analiz\u00f3 la situaci\u00f3n de la Mujer desde lo filosofico, lo pol\u00edtico, la constituci\u00f3n subjetiva y la sexualidad.<\/p>\n\n\n\n<p><strong><br>Fueron disertantes en los distintos Congresos<\/strong><\/p>\n\n\n\n<figure class=\"wp-block-table\"><table><tbody><tr><td>Indra Devi<br>Cristina Mej\u00edas<br>Ana Mar\u00eda Mass<br>Josefina Dartiguelongue<br>Marta Oyhanarte<br>Hilda Ca\u00f1eque<br>Marta Harff<br>Martha Katz<br>Maria Luisa Lerer<br>Sonia Blasco<\/td><td>Clara Coria<br>Laura Miguel<br>Lila Guerrero<br>Ena Gummy<br>Claudia Preci<br>Choly Berreteaga<br>Cristina Carnovali<br>Eva Schuster<br>Miriam Gonzalez Fischer<br>In\u00e9s Cinacci<\/td><\/tr><\/tbody><\/table><\/figure>\n\n\n\n<p>Fotos con Invitadas especiales<\/p>\n\n\n\n<figure class=\"wp-block-image size-full\"><a href=\"https:\/\/fundaciontehuelche.com.ar\/web\/wp-content\/uploads\/2025\/01\/foto_diana_primera.jpg\"><img loading=\"lazy\" decoding=\"async\" width=\"320\" height=\"198\" src=\"https:\/\/fundaciontehuelche.com.ar\/web\/wp-content\/uploads\/2025\/01\/foto_diana_primera.jpg\" alt=\"\" class=\"wp-image-78\" srcset=\"https:\/\/fundaciontehuelche.com.ar\/web\/wp-content\/uploads\/2025\/01\/foto_diana_primera.jpg 320w, https:\/\/fundaciontehuelche.com.ar\/web\/wp-content\/uploads\/2025\/01\/foto_diana_primera-300x186.jpg 300w\" sizes=\"auto, (max-width: 320px) 100vw, 320px\" \/><\/a><figcaption class=\"wp-element-caption\">Choly Berreteaga, Marta Harff , Diana Coblier y Corina Noguera<br>Tercer Congreso de la Mujer y sus Emprendimientos<br><\/figcaption><\/figure>\n\n\n\n<figure class=\"wp-block-gallery has-nested-images columns-default is-cropped wp-block-gallery-1 is-layout-flex wp-block-gallery-is-layout-flex\">\n<figure class=\"wp-block-image size-large\"><a href=\"https:\/\/fundaciontehuelche.com.ar\/web\/wp-content\/uploads\/2025\/01\/foto_d1_segunda.jpg\"><img loading=\"lazy\" decoding=\"async\" width=\"320\" height=\"191\" data-id=\"79\" src=\"https:\/\/fundaciontehuelche.com.ar\/web\/wp-content\/uploads\/2025\/01\/foto_d1_segunda.jpg\" alt=\"\" class=\"wp-image-79\" srcset=\"https:\/\/fundaciontehuelche.com.ar\/web\/wp-content\/uploads\/2025\/01\/foto_d1_segunda.jpg 320w, https:\/\/fundaciontehuelche.com.ar\/web\/wp-content\/uploads\/2025\/01\/foto_d1_segunda-300x179.jpg 300w\" sizes=\"auto, (max-width: 320px) 100vw, 320px\" \/><\/a><figcaption class=\"wp-element-caption\">La Ex Directora General de la Mujer del Gobierno de la Ciudad de Buenos Aires<br>Noem\u00ed Aumedes y Diana Coblier inaugurando el<br>Quinto Congreso de la Mujer y sus Emprendimientos<\/figcaption><\/figure>\n\n\n\n<figure class=\"wp-block-image size-large\"><a href=\"https:\/\/fundaciontehuelche.com.ar\/web\/wp-content\/uploads\/2025\/01\/foto_d1_tercera.jpg\"><img loading=\"lazy\" decoding=\"async\" width=\"311\" height=\"193\" data-id=\"80\" src=\"https:\/\/fundaciontehuelche.com.ar\/web\/wp-content\/uploads\/2025\/01\/foto_d1_tercera.jpg\" alt=\"\" class=\"wp-image-80\" srcset=\"https:\/\/fundaciontehuelche.com.ar\/web\/wp-content\/uploads\/2025\/01\/foto_d1_tercera.jpg 311w, https:\/\/fundaciontehuelche.com.ar\/web\/wp-content\/uploads\/2025\/01\/foto_d1_tercera-300x186.jpg 300w\" sizes=\"auto, (max-width: 311px) 100vw, 311px\" \/><\/a><figcaption class=\"wp-element-caption\">Las sex\u00f3logas Mar\u00eda Luisa Lerer y Sonia Blasco con Diana Coblier<br>Quinto Congreso de la Mujer y sus Emprendimientos<\/figcaption><\/figure>\n\n\n\n<figure class=\"wp-block-image size-large\"><a href=\"https:\/\/fundaciontehuelche.com.ar\/web\/wp-content\/uploads\/2025\/01\/foto_indra.jpg\"><img loading=\"lazy\" decoding=\"async\" width=\"320\" height=\"229\" data-id=\"81\" src=\"https:\/\/fundaciontehuelche.com.ar\/web\/wp-content\/uploads\/2025\/01\/foto_indra.jpg\" alt=\"\" class=\"wp-image-81\" srcset=\"https:\/\/fundaciontehuelche.com.ar\/web\/wp-content\/uploads\/2025\/01\/foto_indra.jpg 320w, https:\/\/fundaciontehuelche.com.ar\/web\/wp-content\/uploads\/2025\/01\/foto_indra-300x215.jpg 300w\" sizes=\"auto, (max-width: 320px) 100vw, 320px\" \/><\/a><figcaption class=\"wp-element-caption\">Indra Devi con la Presidenta de la Fundaci\u00f3n Tehuelche durante el<br>Cuarto Congreso de la Mujer y sus Emprendimientos<\/figcaption><\/figure>\n\n\n\n<figure class=\"wp-block-image size-large\"><a href=\"https:\/\/fundaciontehuelche.com.ar\/web\/wp-content\/uploads\/2025\/01\/foto_lasdianas.jpg\"><img loading=\"lazy\" decoding=\"async\" width=\"320\" height=\"205\" data-id=\"82\" src=\"https:\/\/fundaciontehuelche.com.ar\/web\/wp-content\/uploads\/2025\/01\/foto_lasdianas.jpg\" alt=\"\" class=\"wp-image-82\" srcset=\"https:\/\/fundaciontehuelche.com.ar\/web\/wp-content\/uploads\/2025\/01\/foto_lasdianas.jpg 320w, https:\/\/fundaciontehuelche.com.ar\/web\/wp-content\/uploads\/2025\/01\/foto_lasdianas-300x192.jpg 300w\" sizes=\"auto, (max-width: 320px) 100vw, 320px\" \/><\/a><figcaption class=\"wp-element-caption\">Diana Coblier y Diana Staubli<br>Apertura de un Taller de Mujeres Emprendedoras<\/figcaption><\/figure>\n<\/figure>\n","protected":false},"excerpt":{"rendered":"<p>Organizados por la Fundaci\u00f3n Tehuelche, se llevaron a cabo ocho Congresos Nacionales de la Mujer y sus Emprendimientos. Disertaciones Giraron alrededor de los siguientes Ejes Tem\u00e1ticos 1. Experiencia vivida por Mujeres Empresarias que iniciaron sus actividades con peque\u00f1os emprendimientos. Marta Harff, Marta Katz, Choly Berreteaga, otras.2. Diferentes teor\u00edas y t\u00e9cnicas de los Emprendimientos.3. T\u00e9cnicas de [&hellip;]<\/p>\n","protected":false},"author":3,"featured_media":0,"parent":0,"menu_order":0,"comment_status":"closed","ping_status":"closed","template":"","meta":{"footnotes":""},"class_list":["post-77","page","type-page","status-publish","hentry"],"_links":{"self":[{"href":"https:\/\/fundaciontehuelche.com.ar\/web\/wp-json\/wp\/v2\/pages\/77","targetHints":{"allow":["GET"]}}],"collection":[{"href":"https:\/\/fundaciontehuelche.com.ar\/web\/wp-json\/wp\/v2\/pages"}],"about":[{"href":"https:\/\/fundaciontehuelche.com.ar\/web\/wp-json\/wp\/v2\/types\/page"}],"author":[{"embeddable":true,"href":"https:\/\/fundaciontehuelche.com.ar\/web\/wp-json\/wp\/v2\/users\/3"}],"replies":[{"embeddable":true,"href":"https:\/\/fundaciontehuelche.com.ar\/web\/wp-json\/wp\/v2\/comments?post=77"}],"version-history":[{"count":3,"href":"https:\/\/fundaciontehuelche.com.ar\/web\/wp-json\/wp\/v2\/pages\/77\/revisions"}],"predecessor-version":[{"id":217,"href":"https:\/\/fundaciontehuelche.com.ar\/web\/wp-json\/wp\/v2\/pages\/77\/revisions\/217"}],"wp:attachment":[{"href":"https:\/\/fundaciontehuelche.com.ar\/web\/wp-json\/wp\/v2\/media?parent=77"}],"curies":[{"name":"wp","href":"https:\/\/api.w.org\/{rel}","templated":true}]}}

<p><strong>Organizados por la Fundación Tehuelche, se llevaron a cabo ocho Congresos Nacionales de la Mujer y sus Emprendimientos.</strong></p>



<ul class="wp-block-list">
<li><strong>Tres de ellos en Rawson, Trelew y Comodoro Rivadavia, Provincia del Chubut.</strong></li>



<li><strong>Otro en la Biblioteca de la Universidad Nacional del Comahue, en Neuquen.</strong></li>



<li><strong>Los restantes en Buenos Aires, siendo sus sedes la Universidad de Belgrano en una oportunidad y las demás la Dirección General de la Mujer dependiente del Gobierno de la Ciudad.</strong></li>
</ul>



<p>Disertaciones</p>



<p><strong>Giraron alrededor de los siguientes Ejes Temáticos</strong></p>



<p>1. Experiencia vivida por Mujeres Empresarias que iniciaron sus actividades con pequeños emprendimientos. Marta Harff, Marta Katz, Choly Berreteaga, otras.<br>2. Diferentes teorías y técnicas de los Emprendimientos.<br>3. Técnicas de Ventas. Cómo hago conocer mi producto o servicio.<br>4. Técnicas de Programación Neurolingüística aplicadas a Emprendimientos<br>5. Dificultades para los Emprendimiento de Mujeres en la sociedad patriarcal<br>6. Mujer, Conciliación y Negociación<br>7. Lo público y lo privado en la vida de la Mujer.</p>



<p>También se analizó la situación de la Mujer desde lo filosofico, lo político, la constitución subjetiva y la sexualidad.</p>



<p><strong><br>Fueron disertantes en los distintos Congresos</strong></p>



<figure class="wp-block-table"><table><tbody><tr><td>Indra Devi<br>Cristina Mejías<br>Ana María Mass<br>Josefina Dartiguelongue<br>Marta Oyhanarte<br>Hilda Cañeque<br>Marta Harff<br>Martha Katz<br>Maria Luisa Lerer<br>Sonia Blasco</td><td>Clara Coria<br>Laura Miguel<br>Lila Guerrero<br>Ena Gummy<br>Claudia Preci<br>Choly Berreteaga<br>Cristina Carnovali<br>Eva Schuster<br>Miriam Gonzalez Fischer<br>Inés Cinacci</td></tr></tbody></table></figure>



<p>Fotos con Invitadas especiales</p>



<figure class="wp-block-image size-full"><a href="https://fundaciontehuelche.com.ar/web/wp-content/uploads/2025/01/foto_diana_primera.jpg"><img loading="lazy" decoding="async" width="320" height="198" src="https://fundaciontehuelche.com.ar/web/wp-content/uploads/2025/01/foto_diana_primera.jpg" alt="" class="wp-image-78" srcset="https://fundaciontehuelche.com.ar/web/wp-content/uploads/2025/01/foto_diana_primera.jpg 320w, https://fundaciontehuelche.com.ar/web/wp-content/uploads/2025/01/foto_diana_primera-300x186.jpg 300w" sizes="auto, (max-width: 320px) 100vw, 320px" /></a><figcaption class="wp-element-caption">Choly Berreteaga, Marta Harff , Diana Coblier y Corina Noguera<br>Tercer Congreso de la Mujer y sus Emprendimientos<br></figcaption></figure>



<figure class="wp-block-gallery has-nested-images columns-default is-cropped wp-block-gallery-1 is-layout-flex wp-block-gallery-is-layout-flex">
<figure class="wp-block-image size-large"><a href="https://fundaciontehuelche.com.ar/web/wp-content/uploads/2025/01/foto_d1_segunda.jpg"><img loading="lazy" decoding="async" width="320" height="191" data-id="79" src="https://fundaciontehuelche.com.ar/web/wp-content/uploads/2025/01/foto_d1_segunda.jpg" alt="" class="wp-image-79" srcset="https://fundaciontehuelche.com.ar/web/wp-content/uploads/2025/01/foto_d1_segunda.jpg 320w, https://fundaciontehuelche.com.ar/web/wp-content/uploads/2025/01/foto_d1_segunda-300x179.jpg 300w" sizes="auto, (max-width: 320px) 100vw, 320px" /></a><figcaption class="wp-element-caption">La Ex Directora General de la Mujer del Gobierno de la Ciudad de Buenos Aires<br>Noemí Aumedes y Diana Coblier inaugurando el<br>Quinto Congreso de la Mujer y sus Emprendimientos</figcaption></figure>



<figure class="wp-block-image size-large"><a href="https://fundaciontehuelche.com.ar/web/wp-content/uploads/2025/01/foto_d1_tercera.jpg"><img loading="lazy" decoding="async" width="311" height="193" data-id="80" src="https://fundaciontehuelche.com.ar/web/wp-content/uploads/2025/01/foto_d1_tercera.jpg" alt="" class="wp-image-80" srcset="https://fundaciontehuelche.com.ar/web/wp-content/uploads/2025/01/foto_d1_tercera.jpg 311w, https://fundaciontehuelche.com.ar/web/wp-content/uploads/2025/01/foto_d1_tercera-300x186.jpg 300w" sizes="auto, (max-width: 311px) 100vw, 311px" /></a><figcaption class="wp-element-caption">Las sexólogas María Luisa Lerer y Sonia Blasco con Diana Coblier<br>Quinto Congreso de la Mujer y sus Emprendimientos</figcaption></figure>



<figure class="wp-block-image size-large"><a href="https://fundaciontehuelche.com.ar/web/wp-content/uploads/2025/01/foto_indra.jpg"><img loading="lazy" decoding="async" width="320" height="229" data-id="81" src="https://fundaciontehuelche.com.ar/web/wp-content/uploads/2025/01/foto_indra.jpg" alt="" class="wp-image-81" srcset="https://fundaciontehuelche.com.ar/web/wp-content/uploads/2025/01/foto_indra.jpg 320w, https://fundaciontehuelche.com.ar/web/wp-content/uploads/2025/01/foto_indra-300x215.jpg 300w" sizes="auto, (max-width: 320px) 100vw, 320px" /></a><figcaption class="wp-element-caption">Indra Devi con la Presidenta de la Fundación Tehuelche durante el<br>Cuarto Congreso de la Mujer y sus Emprendimientos</figcaption></figure>



<figure class="wp-block-image size-large"><a href="https://fundaciontehuelche.com.ar/web/wp-content/uploads/2025/01/foto_lasdianas.jpg"><img loading="lazy" decoding="async" width="320" height="205" data-id="82" src="https://fundaciontehuelche.com.ar/web/wp-content/uploads/2025/01/foto_lasdianas.jpg" alt="" class="wp-image-82" srcset="https://fundaciontehuelche.com.ar/web/wp-content/uploads/2025/01/foto_lasdianas.jpg 320w, https://fundaciontehuelche.com.ar/web/wp-content/uploads/2025/01/foto_lasdianas-300x192.jpg 300w" sizes="auto, (max-width: 320px) 100vw, 320px" /></a><figcaption class="wp-element-caption">Diana Coblier y Diana Staubli<br>Apertura de un Taller de Mujeres Emprendedoras</figcaption></figure>
</figure>

<p>Organizados por la Fundación Tehuelche, se llevaron a cabo ocho Congresos Nacionales de la Mujer y sus Emprendimientos. Disertaciones Giraron alrededor de los siguientes Ejes Temáticos 1. Experiencia vivida por Mujeres Empresarias que iniciaron sus actividades con pequeños emprendimientos. Marta Harff, Marta Katz, Choly Berreteaga, otras.2. Diferentes teorías y técnicas de los Emprendimientos.3. Técnicas de [&hellip;]</p>
